3 + 139*a**2 + 4*a + 1. What is w(6)?
-155
Let a(b) = -2*b**2 + 27*b + 96. Calculate a(-3).
-3
Let s(n) = n**2 - 35*n - 160. Calculate s(39).
-4
Let x(g) = -2*g**3 + 16*g**2 + 115*g - 876. What is x(9)?
-3
Let q(a) = -3*a**3 + 114*a**2 - 162*a + 49. What is q(1)?
-2
Let x(v) = 26*v**2 + 227*v - 63. Determine x(-9).
0
Let s(c) = -c**3 + 11*c**2 + 13*c - 107. Calculate s(13).
-276
Let a(k) = 5*k**2 + 17*k + 71. What is a(-8)?
255
Let f(x) = 463*x - 1863. Determine f(4).
-11
Let x(l) = l**3 - 13*l**2 - 28*l - 3. Calculate x(15).
27
Let a(z) = z**3 + 13*z - 106. What is a(4)?
10
Let z(s) = 2*s**3 + 16*s**2 - 16*s - 17. What is z(-10)?
-257
Let q(o) = 5*o**2 + 34*o - 117. Calculate q(4).
99
Let i(p) = -p**3 + 18*p**2 - 66*p - 1. Give i(13).
-14
Let q(n) = -23*n + 272. Determine q(11).
19
Let y(g) = g**2 + 14*g + 157. What is y(-8)?
109
Let f(v) = -2*v**3 - 11*v**2 - 22*v - 26. What is f(-4)?
14
Let i(a) = -29*a**2 - 42*a - 89. Give i(-2).
-121
Let g(j) = -j**2 - 167*j + 659. What is g(4)?
-25
Let r(s) = 6*s**2 - 371*s + 734. Calculate r(2).
16
Let h(k) = 2*k**2 - 3*k - 469. Give h(21).
350
Let u(d) = -d**3 + 160*d**2 - 322*d + 950. Calculate u(158).
2
Let t(z) = 149*z + 171. Calculate t(-5).
-574
Let w(b) = 48*b**2 + 285*b - 21. What is w(-6)?
-3
Let d(c) = 9*c**2 - 34*c - 70. What is d(6)?
50
Let s(k) = 326*k - 560. Give s(6).
1396
Let u(s) = -4*s**2 - 59*s + 10. Determine u(-16).
-70
Let a(o) = 2*o**2 + 17*o + 30. Determine a(-2).
4
Let p(q) = -8*q**2 - 654*q + 185. What is p(-82)?
21
Let n(j) = -j**3 + 34*j**2 + 3*j - 183. Calculate n(34).
-81
Let x(g) = g**3 - 17*g**2 + 36*g + 76. Determine x(14).
-8
Let m(d) = -12*d**2 - 39*d + 31. Determine m(-4).
-5
Let b(j) = 60*j + 5628. Calculate b(-89).
288
Let s(u) = -u**3 - 9*u**2 - 12*u + 5. Determine s(-8).
37
Let d(c) = c**2 + 123*c - 3218. What is d(-145)?
-28
Let l(w) = -w**3 - 8*w**2 + 21*w. Give l(-10).
-10
Let k(p) = 32*p - 3646. What is k(118)?
130
Let k(b) = 3*b**2 - 40*b - 179. Determine k(-9).
424
Let z(j) = -2905*j + 522905. Calculate z(180).
5
Let m(o) = -262*o + 2624. Calculate m(10).
4
Let d(b) = 4*b**2 - 64*b - 419. Determine d(-5).
1
Let y(q) = -62*q**2 + 26*q + 2. Determine y(2).
-194
Let f(g) = -6*g**2 - 123*g + 27. Determine f(-23).
-318
Let j(g) = g**3 + 18*g**2 - 135*g - 1897. Give j(-20).
3
Let t(q) = 3*q + 105. Determine t(-42).
-21
Let m(a) = a**3 - 85*a**2 + 1784*a + 95. Give m(47).
1
Let f(d) = -10*d**3 + 3*d**2 - 10*d + 11. What is f(2)?
-77
Let d(j) = j**2 + 1378*j + 8215. Determine d(-6).
-17
Let v(y) = -44*y + 37. What is v(1)?
-7
Let a(q) = 6*q**2 - 266*q + 84. What is a(44)?
-4
Let x(b) = -2*b**2 - 12*b + 205. Give x(-10).
125
Let p(o) = 453*o - 1790. Determine p(4).
22
Let u(p) = 2*p**3 + 6*p**2 + 20*p + 39. Calculate u(-5).
-161
Let w(o) = -17*o + 120. Give w(7).
1
Let l(t) = -5*t**2 - 175*t - 4. Give l(-30).
746
Let a(p) = -138*p**2 + p - 3. What is a(2)?
-553
Let h(x) = 97*x + 1653. Give h(-17).
4
Let l(y) = 280*y**2 + 843*y - 6. Give l(-3).
-15
Let c(v) = 3*v**2 - 169. Give c(7).
-22
Let b(m) = 10770*m - 53848. Determine b(5).
2
Let t(f) = -2*f**2 + 22*f + 201. What is t(0)?
201
Let m(l) = -2*l**2 - 26*l + 176. What is m(5)?
-4
Let o(m) = -219*m**3 - 3*m**2 + 3*m - 1. Determine o(1).
-220
Let r(w) = -w**2 + 651*w - 4518. Give r(7).
-10
Let l(k) = 61*k + 5344. Give l(-88).
-24
Let v(u) = -125*u + 375. Give v(3).
0
Let z(h) = -544*h - 3015. What is z(-7)?
793
Let c(a) = a**2 - 151*a + 756. Determine c(146).
26
Let l(b) = 23*b - 48. Give l(4).
44
Let j(m) = -761*m + 15999. Calculate j(21).
18
Let i(v) = -5*v**2 - 130*v + 91. Calculate i(-27).
-44
Let r(a) = -327*a + 3276. Determine r(10).
6
Let a(o) = 20*o - 308. What is a(6)?
-188
Let s(t) = -166*t - 1666. What is s(-10)?
-6
Let v(w) = 11*w**3 + 299*w**2 + 48*w - 193. Calculate v(-27).
-31
Let h(u) = 40*u + 525. Calculate h(-11).
85
Let p(j) = -402*j + 9223. Determine p(23).
-23
Let r(g) = -g**3 - 27*g**2 + 105*g - 73. Calculate r(-31).
516
Let k(s) = -221*s - 4821. What is k(-22)?
41
Let a(k) = -2*k**3 - 7*k**2 + 4. Determine a(-2).
-8
Let w(i) = -16*i**2 + 256*i - 463. Calculate w(14).
-15
Let w(p) = -15*p + 868. Calculate w(58).
-2
Let w(c) = -2*c**3 - 27*c**2 - 53*c + 17. What is w(-11)?
-5
Let g(s) = 74*s**2 - 1107*s - 30. Determine g(15).
15
Let o(g) = -9*g**3 + g**2 + 521*g + 517. Give o(-1).
6
Let a(c) = -170*c - 1349. Give a(-8).
11
Let s(g) = 21*g - 536. Give s(37).
241
Let h(n) = -20*n + 951. Give h(50).
-49
Let t(y) = 120*y - 39. Determine t(1).
81
Let f(u) = 130*u + 7. Calculate f(-4).
-513
Let q(z) = -z**3 + 57*z**2 - 57*z + 225. Give q(56).
169
Let k(d) = d**3 - d**2 - 18*d - 2. Calculate k(-4).
-10
Let a(s) = 113*s + 2378. Give a(-21).
5
Let s(h) = -132*h - 7682. Give s(-58).
-26
Let c(b) = 430*b - 3908. Give c(9).
-38
Let a(q) = -2*q**3 - 21*q**2 - 61*q - 29. Determine a(-3).
19
Let l(s) = 2*s**3 + 10*s**2 - 42*s - 140. Calculate l(-6).
40
Let s(f) = -6713*f - 40286. Give s(-6).
-8
Let g(k) = -2*k**3 - 31*k**2 + 48*k - 31. Give g(-17).
20
Let w(n) = n**3 - 56*n**2 - 7*n + 63. Determine w(56).
-329
Let x(z) = -3*z**2 + 121*z + 23. What is x(41)?
-59
Let f(g) = 1266*g + 8852. What is f(-7)?
-10
Let q(g) = 42*g**2 + 4496*g + 218. Give q(-107).
4
Let i(w) = 7*w**2 + 74*w + 401. Determine i(-12).
521
Let t(y) = 153*y + 2648. What is t(-17)?
47
Let a(k) = 17*k + 97. Give a(-6).
-5
Let t(d) = 8*d + 78. Give t(-9).
6
Let a(v) = -110*v - 652. Determine a(-6).
8
Let w(x) = x**3 + 9*x**2 - 90*x + 51. Determine w(8).
419
Let b(x) = 2*x**3 + 39*x**2 + 85*x - 12. Determine b(-17).
-12
Let f(a) = -8*a**3 + 19*a**2 - 4. What is f(2)?
8
Let f(x) = 25*x + 493. Calculate f(-7).
318
Let u(q) = 7*q**3 + 5*q**2 - 11*q - 43. Determine u(4).
441
Let y(s) = 256*s + 60153. Calculate y(-235).
-7
Let i(l) = 15*l**2 - 45*l - 312. Calculate i(-8).
1008
Let m(d) = d**3 + 11*d**2 + 17*d + 76. What is m(-11)?
-111
Let h(v) = 58*v - 112. Give h(3).
62
Let i(c) = -76*c + 371. Calculate i(4).
67
Let u(p) = -372*p + 2417. Calculate u(6).
185
Let s(v) = -v**3 + 25*v**2 + 189*v - 255. Give s(-7).
-10
Let b(g) = g**3 + 12*g**2 + 53*g + 484. Determine b(-11).
22
Let o(u) = -2*u**3 + 111*u**2 - 62*u + 371. What is o(55)?
-14
Let p(i) = -791*i + 1582. Calculate p(2).
0
Let a(l) = 28*l + 149. Calculate a(-5).
9
Let q(f) = 64*f + 396. Give q(-7).
-52
Let v(w) = -116*w**2 - 2*w - 3. Give v(-1).
-117
Let r(t) = -5*t - 104. Give r(-21).
1
Let d(h) = 253*h**2 - 5314*h + 27. Give d(21).
6
Let f(s) = -s**2 + 26*s - 163. Calculate f(6).
-43
Let s(f) = 121*f - 601. What is s(4)?
-117
Let l(z) = 18*z**2 + 10*z - 2. Give l(-2).
50
Let a(t) = t**2 - 2*t - 23. What is a(-6)?
25
Let z(x) = x**2 - 134*x + 4054. Give z(46).
6
Let v(c) = 15*c**2 - 124*c - 25. Calculate v(8).
-57
Let k(o) = 2*o**3 + 95*o**2 - 38*o + 478. Determine k(-48).
-2
Let j(w) = -89*w - 1224. Determine j(-15).
111
Let m(l) = -l**3 + 18*l + 6. Calculate m(-4).
-2
Let o(x) = 518*x + 4756. Give o(-9).
94
Let k(r) = -2*r**3 + 65*r**2 - 32*r - 33. What is k(32)?
-33
Let r(o) = o**2 - 33*o - 26. Calculate r(27).
-188
Let w(b) = 4*b**2 + 158*b - 199. Determine w(-41).
47
Let v(q) = 3*q**3 + 8*q**2 + 31*q + 119. Give v(-4).
-69
Let w(v) = -2*v**2 - 15*v + 21. Give w(2).
-17
Let i(v) = -23301*v + 23296. Determine i(1).
-5
Let m(j) = 37*j + 97. What is m(-3)?
-14
Let h(r) = 12*r - 286. Calculate h(19).
-58
Let i(c) = c**3 - 32*c**2 - 195*c + 367. What is i(37)?
-3
Let p(s) = 7*s**2 - 14*s - 126. What is p(5)?
-21
Let j(p) = -161*p - 477. What is j(-3)?
6
Let m(o) = -11*o + 596. Give m(-28).
904
Let s(q) = 3*q**2 - 52*q + 28. Determine s(17).
11
Let r(y) = 20*y - 22. Calculate r(6).
98
Let t(r) = 22*r**2 - 31*r + 15. Calculate t(3).
120
Let b(u) = 165*u + 1474. Give b(-9).
-11
Let u(r) = r**3 - 9*r**2 - 26*r + 45. Give u(11).
1
Let i(r) = -4*r**3 - 50*r**2 - 63*r + 42. Determine i(-11).
9
Let c(d) = -37*d**2 + 160*d + 162. Give c(-1).
-35
Let w(k) = 3*k**2 - 13*k - 41. Calculate w(-5).
99
Let s(p) = p**3 - 84*p**2 + 1662*p + 90. Determine s(52).
-14
Let g(z) = -z**2 - 445*z + 5963. Determine g(13).
9
Let a(v) = 465*v - 930. Calculate a(2).
0
Let j(p) = 10*p**2 - 734*p + 366. Determine j(73).
74
Let i(a) = a**2 + 13*a - 504. What is i(-24)?
-240
Let t(o) = -2*o**2 - 5*o + 23. Give t(4).
-29
Le